{"id":32,"date":"2017-05-09T22:38:40","date_gmt":"2017-05-09T20:38:40","guid":{"rendered":"http:\/\/sv-kaisersbach.de\/tischtennis\/?page_id=32"},"modified":"2017-05-16T11:55:19","modified_gmt":"2017-05-16T09:55:19","slug":"kalender","status":"publish","type":"page","link":"https:\/\/sv-kaisersbach.de\/tischtennis\/kalender\/","title":{"rendered":"Kalender"},"content":{"rendered":"<p>Alle anstehenden Termine der Abteilung sowie Spiele unserer Mannschaften stehen hier in den Kalendern zur Verf\u00fcgung.<br \/>\nDie Kalender sind \u00f6ffentlich und k\u00f6nnen in eure eigenen Kalender, die ihr z.B. im Smartphone nutzt, eingebunden werden. Anleitungen wie das funktioniert findet ihr hier:\u00a0<a href=\"https:\/\/sv-kaisersbach.de\/tischtennis\/verein\/hilfe-zu-kalender\/\">Hilfe zu Kalender<\/a><\/p>\n<p><style>\n      #ac8d61c272f {\n        height: 300px;\n        width: 300px;\n        background: #F0FFEE;\n        filter: none;\n\t   color: black!important;\n      }\n      #ac8d61c272f .gcf-header-block { background: green; filter:none; }\n    <\/style>\n\t<div id=\"ac8d61c272f\">\n    <\/div>\n    <script type=\"text\/javascript\">\n\tjQuery(function() {\n      jQuery('#ac8d61c272f').gCalFlow({\n          calid: 'hqa7bmh4saju8n6i19bknbrsig@group.calendar.google.com',\n\t\tapikey: 'AIzaSyBDKaFh4PC8W58sI7k-T4dL_H8sUv-8vUA',\n          maxitem: 50,\n\t\tauto_scroll: true\n        });\n\t});\n    <\/script><style>\n      #aa4fc6083da {\n        height: 300px;\n        width: 300px;\n        background: #F0FFEE;\n        filter: none;\n\t   color: black!important;\n      }\n      #aa4fc6083da .gcf-header-block { background: green; filter:none; }\n    <\/style>\n\t<div id=\"aa4fc6083da\">\n    <\/div>\n    <script type=\"text\/javascript\">\n\tjQuery(function() {\n      jQuery('#aa4fc6083da').gCalFlow({\n          calid: '5lvfn7jcckbfcquor3heeldfu0@group.calendar.google.com',\n\t\tapikey: 'AIzaSyBDKaFh4PC8W58sI7k-T4dL_H8sUv-8vUA',\n          maxitem: 50,\n\t\tauto_scroll: true\n        });\n\t});\n    <\/script><style>\n      #a80d45b27e8 {\n        height: 300px;\n        width: 300px;\n        background: #F0FFEE;\n        filter: none;\n\t   color: black!important;\n      }\n      #a80d45b27e8 .gcf-header-block { background: green; filter:none; }\n    <\/style>\n\t<div id=\"a80d45b27e8\">\n    <\/div>\n    <script type=\"text\/javascript\">\n\tjQuery(function() {\n      jQuery('#a80d45b27e8').gCalFlow({\n          calid: 'tt1srup73mea3c7b9s037dg6c8@group.calendar.google.com',\n\t\tapikey: 'AIzaSyBDKaFh4PC8W58sI7k-T4dL_H8sUv-8vUA',\n          maxitem: 50,\n\t\tauto_scroll: true\n        });\n\t});\n    <\/script><\/p>\n","protected":false},"excerpt":{"rendered":"<p>Alle anstehenden Termine der Abteilung sowie Spiele unserer Mannschaften stehen hier in den Kalendern zur Verf\u00fcgung. Die Kalender sind \u00f6ffentlich und k\u00f6nnen in eure eigenen Kalender, die ihr z.B. im Smartphone nutzt, eingebunden werden. Anleitungen wie das funktioniert findet ihr hier:\u00a0Hilfe zu Kalender<\/p>\n<p> <a class=\"continue-reading-link\" href=\"https:\/\/sv-kaisersbach.de\/tischtennis\/kalender\/\"><span>Weiterlesen<\/span><i class=\"crycon-right-dir\"><\/i><\/a> <\/p>\n","protected":false},"author":2,"featured_media":0,"parent":0,"menu_order":0,"comment_status":"closed","ping_status":"closed","template":"","meta":{"_s2mail":"","iawp_total_views":58,"footnotes":""},"class_list":["post-32","page","type-page","status-publish","hentry"],"aioseo_notices":[],"_links":{"self":[{"href":"https:\/\/sv-kaisersbach.de\/tischtennis\/wp-json\/wp\/v2\/pages\/32","targetHints":{"allow":["GET"]}}],"collection":[{"href":"https:\/\/sv-kaisersbach.de\/tischtennis\/wp-json\/wp\/v2\/pages"}],"about":[{"href":"https:\/\/sv-kaisersbach.de\/tischtennis\/wp-json\/wp\/v2\/types\/page"}],"author":[{"embeddable":true,"href":"https:\/\/sv-kaisersbach.de\/tischtennis\/wp-json\/wp\/v2\/users\/2"}],"replies":[{"embeddable":true,"href":"https:\/\/sv-kaisersbach.de\/tischtennis\/wp-json\/wp\/v2\/comments?post=32"}],"version-history":[{"count":17,"href":"https:\/\/sv-kaisersbach.de\/tischtennis\/wp-json\/wp\/v2\/pages\/32\/revisions"}],"predecessor-version":[{"id":262,"href":"https:\/\/sv-kaisersbach.de\/tischtennis\/wp-json\/wp\/v2\/pages\/32\/revisions\/262"}],"wp:attachment":[{"href":"https:\/\/sv-kaisersbach.de\/tischtennis\/wp-json\/wp\/v2\/media?parent=32"}],"curies":[{"name":"wp","href":"https:\/\/api.w.org\/{rel}","templated":true}]}}